 17*d + 5. Let p(t) = -13*u(t) + 6*w(t). Is p(-6) a composite number?
True
Let i be -2 + 0 - (-15)/5. Let b be 3/(-2 + i) + 7. Suppose -3*v + 590 = b*k, 4*v = -k + 4*k - 455. Is k composite?
False
Let j be 1764/99 + 0 - 2/(-11). Is (j/(-12))/((30/13004)/(-5)) a prime number?
True
Let h be ((-5)/10)/(3/(-42)). Let r = h - -29. Let v = r + 1. Is v prime?
True
Let m = -2248 - -5411. Is m prime?
True
Let n(f) = 17*f**2 + 9*f - 7. Is n(-8) composite?
False
Let t(g) = 322*g**2 + 63*g + 14. Is t(15) a composite number?
True
Let j(z) = z**3 - 11*z**2 + z - 9. Let m be j(11). Let s(x) = 1 - x + 4*x**2 - x**3 + m*x - 4 - 6*x**2. Is s(-7) a prime number?
False
Let h be 0/(-4) - 3*-1. Suppose 2*i = -3 + 1, h*i = -a + 55. Suppose 4*y = 5*q + 2*y - 290, -q + 2*y + a = 0. Is q prime?
False
Let q = 25064 + 2801. Is q a composite number?
True
Let o(t) = 133*t**2 - 4*t + 6. Let c be o(3). Is 12*(0 + 2/6) + c a prime number?
False
Suppose 2*o = -10, o = 3*r + 6*o - 6437. Let x = 3345 - r. Is x a prime number?
False
Let w(n) = n**2 - 8*n + 4. Let i be w(4). Let l be 1/3 + (-320)/i. Suppose l - 114 = -y. Is y composite?
True
Let z = 7 + 4. Let f = z + -5. Suppose 5*g + 5*p = 1460, -3*g = 4*p - f*p - 881. Is g composite?
False
Let c = 507 - -3764. Is c prime?
True
Let q(h) = 3*h**2 - 4*h + 18647. Is q(0) prime?
False
Let q(t) = t**3 - 15*t**2 - 37*t + 80. Is q(21) composite?
False
Is (15/10 + -1)*17314 a prime number?
False
Suppose 0 = 3*g - 4*f - 454, 0*f - 3*f = 5*g - 805. Suppose -9*n = -11*n + g. Is n a prime number?
True
Suppose -2*g - 2*m = -72376, 16*g - 5*m - 144743 = 12*g. Is g prime?
True
Let g = 56061 + -5054. Is g a composite number?
True
Let c be (2 + 0)*5893/2. Let n = c + -2836. Is n a composite number?
True
Let g = -48 - -53. Suppose -j + 159 = 3*p - 474, g*p - 1055 = 2*j. Is p composite?
False
Suppose r - 6 = -1. Suppose -r*b + 10*b = 4*l + 5359, -2*l = 5*b - 5383. Suppose 3*w = -2*w + b. Is w prime?
False
Suppose 2*a + 3 = 5*a. Suppose 3 + a = 4*u. Is -865*(4 - (u - -4)) composite?
True
Let b = -9 + 11. Is (-14)/((-168)/12969) + b/8 prime?
False
Let t(r) = r**3 + 3*r**2 - 6*r + 8. Let l be t(-5). Let c(k) = 4*k**2 + 12*k + 17. Is c(l) composite?
False
Let r = -38038 + 57975. Is r prime?
True
Let a(t) = -3*t**3 - 17*t**2 - 6. Let z(c) = 8*c**3 + 50*c**2 + 18. Let n(y) = 11*a(y) + 4*z(y). Let l be n(13). Let w(j) = 3*j - 14. Is w(l) composite?
True
Suppose -w = -0*w - 39. Is (-4)/(8/w)*-2 a prime number?
False
Let q(o) = 80*o**2 + 3*o + 19. Is q(10) a prime number?
False
Let y(v) = 6*v**2 - 32*v + 413. Is y(-57) composite?
True
Suppose 0 = -22*a + 18*a + 28996. Is a prime?
False
Let m = 13928 + -6497. Is m prime?
False
Let f(u) be the first derivative of -u**4/4 - 8*u**3/3 - 2*u + 4. Let b be -11 + 8/20*5. Is f(b) prime?
True
Let c(b) = b**3 + 7*b**2 + 3*b - 10. Let g be c(-7). Let d = -84 - g. Let x = 286 + d. Is x prime?
True
Let b(m) = m**3 - 2*m**2 - m - 5. Let i be b(0). Let r(u) = -392*u - 33. Is r(i) a prime number?
False
Suppose 5*v + 20 = 0, 0 = -3*b + 4*v + 14300 - 3925. Is b composite?
True
Suppose 6*k - 12 - 12 = 0. Suppose 0 = m - k, -n + m = -0*m + 6. Is n + (-7)/(7/(-256)) prime?
False
Let l(h) = h**3 - 3*h**2 + 7*h + 7. Let w be 10 - 1/(4/16). Is l(w) a composite number?
False
Let r(w) = 2*w**2 - 13*w - 1. Let q be r(7). Let m = -15 - 30. Is (-8)/q*m/6 prime?
False
Let h(w) = 1622*w**2 + w - 10. Is h(3) a composite number?
False
Is 3 + 26/(-8) - (-72186)/8 composite?
True
Let s = 87822 - -11717. Is s composite?
True
Suppose -2*c + 3 = c. Let q be (0*c/3)/(-1). Suppose 5*x + 4*v - 413 = -q*x, 5*x + 2*v = 419. Is x a prime number?
False
Let c(y) = y**3 + 4*y**2 + 16. Let o(u) = u**2 + u - 1. Let v(q) = -c(q) - 5*o(q). Let t = -1 + -8. Is v(t) a composite number?
True
Let n(y) = 54*y + 1. Let q be n(9). Suppose -10*z + 1063 = -q. Is z a prime number?
False
Suppose 0 = 4*l + z - 5*z - 1668, -3*l - z + 1255 = 0. Is l/2 + (-24)/(-4) + -4 composite?
False
Suppose -63 = -t + 8*t. Is (2 - 1360)/(t + 7) a composite number?
True
Let u(m) = -7*m - 7. Let c be u(-3). Let b = -16 + c. Let a(f) = 54*f**2 + 3*f + 1. Is a(b) a composite number?
False
Suppose 5 = 2*s - 5*b + 1, -s - 3*b = -2. Suppose 4 = 2*v - s. Suppose 2*d - 133 = -v*o, 5*d - 315 = -3*o - o. Is d a prime number?
True
Let f = -24 - -40. Suppose 0 = -f*a + 21*a - 955. Is a prime?
True
Suppose -5*l + 677060 = 3975. Is l composite?
True
Let p = 1008 + -247. Is p a composite number?
False
Let s(h) = -h - 1. Let p(o) = -20*o - 1. Let k(n) = p(n) + 5*s(n). Let g be k(-3). Suppose -x = 2*r - g, r + r = 0. Is x a composite number?
True
Suppose 6*j - 3*j = 9. Suppose -5*s - 6*h - 5072 = -j*h, -4*h + 3049 = -3*s. Let f = 1724 + s. Is f prime?
True
Is (-28047)/(-3) + 0*(-4)/8 prime?
True
Is (-1 - -5) + (22176 - -9) composite?
False
Let k(c) = c + 1. Let g(l) = -9523*l + 4. Let u(j) = g(j) - 3*k(j). Is u(-1) a composite number?
True
Let p(u) = -10*u + 44*u**3 + 16*u - 4*u - 5*u + 2. Is p(3) prime?
True
Suppose -6*x + 1348 = 274. Let o = x - -212. Is o a prime number?
False
Let y(m) be the third derivative of m**5/60 + m**4/24 + m**3/2 + m**2. Let w be y(0). Suppose 76 = s - 2*l, -w*s - l + 64 = -157. Is s prime?
False
Suppose -272*q + 305*q - 3360291 = 0. Is q a prime number?
False
Let t = -1 - -4. Suppose -4*p + t*i = -467, p - 2*p = 3*i - 113. Suppose -p + 527 = d. Is d composite?
True
Let w(h) = 4 + 45 - 9*h + 4*h + 3*h. Is w(-9) composite?
False
Let p = -3949 + 9920. Is p composite?
True
Let a be 82/3 - 16/(-24). Suppose 0*u + 2*w = -5*u - a, -2*u - 20 = 3*w. Let b(p) = -6*p - 2. Is b(u) prime?
False
Suppose -w + 2*m + 679 = 0, -2*w - 645 = 3*m - 1996. Is w a composite number?
False
Let l(i) = i**2 - i + 3. Let g be l(2). Suppose -2*m + 4*v + 870 = m, 4*m = -g*v + 1129. Is ((-4)/(-4))/(2/m) a prime number?
False
Suppose 0 = 14*k + 15999 - 59077. Is k a composite number?
True
Suppose 0 = 88*w - 86*w - 32326. Is w prime?
False
Suppose -3*n - 9 = 0, 0 = -3*u - 0*n + 5*n - 3. Let k(v) = -34*v - 9. Let i(y) = 35*y + 10. Let b(p) = 2*i(p) + 3*k(p). Is b(u) a prime number?
False
Is 2/2*5408 + -7 a composite number?
True
Let r be (17/(-4))/(12/(-12048)). Suppose r = 4*t - 5481. Is t a composite number?
False
Suppose 16*u - 12*u - 24 = 0. Let i = u - -1109. Is i prime?
False
Let h(k) = -k**3 + 5*k**2 + 4*k + 13. Let s be h(6). Let w = 12 - 15. Is s*-2 - (-492 + w) prime?
False
Suppose -5*i = -0*i + d - 51, -45 = -3*i + 3*d. Suppose -47 = 9*a - i. Let s(v) = -v**3 + 7*v**2 + 7*v + 9. Is s(a) composite?
False
Is ((-163099)/(-86))/((-9)/10 + 1) composite?
True
Let z = -19429 - -37230. Is z composite?
True
Let x(h) = 19*h + 9. Let b(s) = 14*s + 1. Let t be b(3). Suppose -2*m - 2 = -3*q - 15, -3*q + t = 5*m. Is x(m) a composite number?
True
Let m = -20 + 25. Suppose -4*t + 5*t + 617 = 2*l, -m*l + 3*t + 1544 = 0. Is l a prime number?
True
Suppose z - 6*z + 127470 = u, 127460 = 5*z + 3*u. Is z a prime number?
False
Let r be (-114)/(-19)*(-3358)/(-4). Suppose -r + 1387 = -10*l. Is l a prime number?
False
Suppose 0 = 6*i - 0*i - 36. Is ((i - 1) + -4)*673 prime?
True
Let y be (-23)/(-4) + (-3)/(-12). Suppose z = -3*m + 677, 2*m - 438 = 2*z - y*z. Suppose -7*i - h + m = -3*i, 4*h + 78 = i. Is i composite?
True
Suppose -6391 - 1601 = 2*n - 2*w, -n + 4*w - 4002 = 0. Let y = n - -6771. Is y prime?
True
Let d = -1509 - -798. Let a be (-1)/(-1)*(d - 3). Let l = -491 - a. Is l a composite number?
False
Let v be (0 + -1)*(1 - 6). Suppose 0*b + 4381 = v*b + 4*a, -4*a + 2627 = 3*b. Is b a prime number?
True
Let l be (-1)/2*6430/(-5). Is l - 6*4/12 prime?
True
Suppose 4*n + 41 = 2*p + 1, 3*n = -5*p + 100. Let h = 12 - p. Let y(o) = -o**3 - 6*o**2 + 8*o - 11. Is y(h) a prime number?
True
Suppose 3*g - 16 = -g. Suppose 886 = g*o + 30. Is o - (-9)/(-6 + 3) a prime number?
True
Let m(d) = 142*d**2 - 10*d. Let y be m(5). Suppose -5*g = -2*r + 3*r - y, -2*g + 1407 = -r. Is g a prime number?
True
Suppose -3*l - 6 = -0, 3*l + 9 = 3*h. Let z(r) = 632*r**2 + 2*r - 1. Is z(h) prime?
False
Suppose 2*w - 7583 = -3*t, 4*t - 4495 = -5*w + 14466. Is w composite?
False
Suppose 0 = -7*b + 10*b + 18. Suppose 34 = -5*i - 4*k, -42 = 8*i - 3*i + 2*k. Is b/i - (-3136)/40 composite?
False
Let a(g) = -3*g**2 - 4*g + 7. Let t(k) = 2*k**2 + 3